{"id":921,"date":"2024-02-16T10:22:27","date_gmt":"2024-02-16T09:22:27","guid":{"rendered":"https:\/\/klovsta-energi.se\/?page_id=921"},"modified":"2024-02-16T10:22:29","modified_gmt":"2024-02-16T09:22:29","slug":"offertforfragan","status":"publish","type":"page","link":"https:\/\/klovsta-energi.se\/?page_id=921","title":{"rendered":"Offertf\u00f6rfr\u00e5gan"},"content":{"rendered":"\n<p><strong>V\u00e5r process<\/strong><br>Med hj\u00e4lp av satellitbilder ritar vi upp ert hus och skickar d\u00e4refter \u00f6ver ett kostnadsf\u00f6rslag samt produktionsprognoser som visar hur en anl\u00e4ggning hos er kan se ut. Vi g\u00f6r g\u00e4rna en f\u00f6ranm\u00e4lan tidigt i processen, dels f\u00f6r att f\u00e5 veta f\u00f6ruts\u00e4ttningarna f\u00f6r er fastighet men ocks\u00e5 f\u00f6r att n\u00e4t\u00e4garna i vissa fall tar god tid p\u00e5 sig att \u00e5terkomma med ett svar.<\/p>\n\n\n\n<p>N\u00e4r vi f\u00e5tt ett installationsmedgivande f\u00f6r er fastighet kommer ni att f\u00e5 ett mer detaljerat f\u00f6rslag och utifr\u00e5n det s\u00e5 best\u00e4mmer vi tillsammans hur er anl\u00e4ggning ska utformas. N\u00e4r vi \u00e4r \u00f6verens om detaljerna f\u00e5r ni en offert som ni sen v\u00e4ljer att tacka ja eller nej till.<\/p>\n\n\n\n<p>F\u00f6r att f\u00e5 ett kostnadsf\u00f6rslag samt produktionsprognoser mailar ni f\u00f6ljande till&nbsp;<a href=\"mailto:lotta@klovsta-energi.se\" target=\"_blank\" rel=\"noreferrer noopener\">lotta@klovsta-energi.se<\/a>:<br>&#8211; i \u00e4mnesraden: stad och adress<br>&#8211; kontaktuppgifter<br>&#8211; antal fastighets\u00e4gare<\/p>\n\n\n\n<p><strong>F\u00f6ranm\u00e4lan<\/strong><br>Det \u00e4r n\u00e4t\u00e4garen som best\u00e4mmer om och hur stor anl\u00e4ggning ni f\u00e5r installera. F\u00f6r att vi ska f\u00e5 installera en solcellsanl\u00e4ggning hos er beh\u00f6ver vi allts\u00e5 f\u00e5 tillst\u00e5nd fr\u00e5n n\u00e4t\u00e4garen. Det f\u00e5r vi genom att g\u00f6ra en f\u00f6ranm\u00e4lan till n\u00e4t\u00e4garen och ans\u00f6ka om installationsmedgivande.<\/p>\n\n\n\n<p>Hos oss \u00e4r en f\u00f6ranm\u00e4lan kostnadsfri och icke bindande b\u00e5de mot oss och mot n\u00e4t\u00e4garen. Vi har allts\u00e5 ingen aff\u00e4rsf\u00f6rbindelse innan ni har accepterat en offert fr\u00e5n oss.<\/p>\n\n\n\n<p>Information f\u00f6r att g\u00f6ra en f\u00f6ranm\u00e4lan skickas till&nbsp;<a href=\"mailto:lotta@klovsta-energi.se\" target=\"_blank\" rel=\"noreferrer noopener\">lotta@klovsta-energi.se<\/a>.<\/p>\n\n\n\n<p><strong>Vattenfall<\/strong><br>F\u00f6r ans\u00f6kan hos Vattenfall beh\u00f6vs f\u00f6ljande information:<br>&#8211; anl\u00e4ggning-id (18 siffror fr\u00e5n fakturan: 735999100..osv),<br>&#8211; storlek p\u00e5 s\u00e4kring (st\u00e5r p\u00e5 fakturan)<br>&#8211; namn p\u00e5 den som st\u00e5r p\u00e5 abonnemanget (st\u00e5r p\u00e5 fakturan).<\/p>\n\n\n\n<p><strong>Telge N\u00e4t<\/strong><br>Telge N\u00e4t kr\u00e4ver att den som st\u00e5r p\u00e5 abonnemanget hos dem signerar f\u00f6ranm\u00e4lan innan den skickas in. Detta g\u00f6rs via Bank-ID.<\/p>\n\n\n\n<p>F\u00f6r ans\u00f6kan hos Telge N\u00e4t beh\u00f6vs f\u00f6ljande information:<br>&#8211; anl\u00e4ggnings-id (18 siffror fr\u00e5n fakturan: 735999248&#8230;osv)<br>&#8211; storlek p\u00e5 s\u00e4kring (st\u00e5r p\u00e5 fakturan; logga in och titta p\u00e5 fakturan p\u00e5 Telge N\u00e4ts hemsida)<br>&#8211; namn p\u00e5 den som st\u00e5r p\u00e5 abonnemanget (st\u00e5r p\u00e5 fakturan)<br>&#8211; telefonnummer till abonnenten.<\/p>\n","protected":false},"excerpt":{"rendered":"<p>V\u00e5r processMed hj\u00e4lp av satellitbilder ritar vi upp ert hus och skickar d\u00e4refter \u00f6ver ett kostnadsf\u00f6rslag samt produktionsprognoser som visar hur en anl\u00e4ggning hos er kan se ut. Vi g\u00f6r g\u00e4rna en f\u00f6ranm\u00e4lan tidigt i processen, dels f\u00f6r att f\u00e5 veta f\u00f6ruts\u00e4ttningarna f\u00f6r er fastighet men ocks\u00e5 f\u00f6r att n\u00e4t\u00e4garna i vissa fall tar god [&hellip;]<\/p>\n","protected":false},"author":1,"featured_media":0,"parent":0,"menu_order":0,"comment_status":"closed","ping_status":"closed","template":"","meta":{"zakra_page_container_layout":"centered","zakra_page_sidebar_layout":"no_sidebar","zakra_remove_content_margin":false,"zakra_sidebar":"customizer","zakra_transparent_header":"customizer","zakra_logo":0,"zakra_main_header_style":"default","zakra_menu_item_color":"","zakra_menu_item_hover_color":"","zakra_menu_item_active_color":"","zakra_menu_active_style":"","zakra_page_header":true,"footnotes":""},"class_list":["post-921","page","type-page","status-publish","hentry"],"_links":{"self":[{"href":"https:\/\/klovsta-energi.se\/index.php?rest_route=\/wp\/v2\/pages\/921","targetHints":{"allow":["GET"]}}],"collection":[{"href":"https:\/\/klovsta-energi.se\/index.php?rest_route=\/wp\/v2\/pages"}],"about":[{"href":"https:\/\/klovsta-energi.se\/index.php?rest_route=\/wp\/v2\/types\/page"}],"author":[{"embeddable":true,"href":"https:\/\/klovsta-energi.se\/index.php?rest_route=\/wp\/v2\/users\/1"}],"replies":[{"embeddable":true,"href":"https:\/\/klovsta-energi.se\/index.php?rest_route=%2Fwp%2Fv2%2Fcomments&post=921"}],"version-history":[{"count":1,"href":"https:\/\/klovsta-energi.se\/index.php?rest_route=\/wp\/v2\/pages\/921\/revisions"}],"predecessor-version":[{"id":922,"href":"https:\/\/klovsta-energi.se\/index.php?rest_route=\/wp\/v2\/pages\/921\/revisions\/922"}],"wp:attachment":[{"href":"https:\/\/klovsta-energi.se\/index.php?rest_route=%2Fwp%2Fv2%2Fmedia&parent=921"}],"curies":[{"name":"wp","href":"https:\/\/api.w.org\/{rel}","templated":true}]}}