{"id":127,"date":"2018-02-11T21:21:05","date_gmt":"2018-02-11T20:21:05","guid":{"rendered":"http:\/\/klovsta-energi.se\/?page_id=127"},"modified":"2025-01-08T10:44:07","modified_gmt":"2025-01-08T09:44:07","slug":"startsida-2","status":"publish","type":"page","link":"https:\/\/klovsta-energi.se\/","title":{"rendered":""},"content":{"rendered":"\n<h1 class=\"wp-block-heading has-text-align-center has-black-color has-text-color has-link-color has-x-large-font-size wp-elements-ce5ccab046f9c4d48d15f24e61730862\" style=\"border-style:none;border-width:0px;border-radius:0px;font-style:normal;font-weight:700\">V\u00e4lkommen till Kl\u00f6vsta Energi AB<\/h1>\n\n\n\n<p class=\"has-text-align-center\"><\/p>\n\n\n\n<h3 class=\"wp-block-heading has-text-align-center has-black-color has-text-color has-link-color wp-elements-905d2e2804fa33b6417f8258c7bd754d\">Solceller, energilagring och billaddare<\/h3>\n\n\n\n<div style=\"height:35px\" aria-hidden=\"true\" class=\"wp-block-spacer\"><\/div>\n\n\n\n<p><\/p>\n\n\n\n<p>Kl\u00f6vsta Energi AB erbjuder kompletta solenergipaket anpassade till f\u00f6ruts\u00e4ttningarna f\u00f6r just din fastighet och vi pressar alltid priserna f\u00f6r att du ska f\u00e5 en s\u00e5 l\u00f6nsam anl\u00e4ggning som m\u00f6jligt. Kontakta Johan f\u00f6r r\u00e5dgivning och offert.<\/p>\n\n\n\n<p>Vi vill g\u00f6ra det enkelt f\u00f6r m\u00e4nniskor att bidra till ett b\u00e4ttre klimat och vara en del i den gr\u00f6na omst\u00e4llningen. Vi arbetar fr\u00e4mst lokalt i och omkring Gnesta d\u00e5 n\u00e4rheten till v\u00e5ra kunder ger en b\u00e4ttre kundn\u00f6jdhet och en h\u00e5llbar och l\u00e5ngsiktig relation.<\/p>\n\n\n\n<p><br><\/p>\n\n\n\n<div class=\"wp-block-columns is-layout-flex wp-container-core-columns-is-layout-28f84493 wp-block-columns-is-layout-flex\">\n<div class=\"wp-block-column is-layout-flow wp-block-column-is-layout-flow\" style=\"flex-basis:100%\">\n<figure class=\"wp-block-image size-large\"><img loading=\"lazy\" decoding=\"async\" width=\"1024\" height=\"962\" src=\"https:\/\/klovsta-energi.se\/wp-content\/uploads\/2023\/08\/Arets-Foretagare-logotyp-Gnesta-2022-1024x962.png\" alt=\"Johan Lexell p\u00e5 Kl\u00f6vsta Energi AB blev \u00e5rets f\u00f6retagare i Gnesta 2022.\" class=\"wp-image-751\" srcset=\"https:\/\/klovsta-energi.se\/wp-content\/uploads\/2023\/08\/Arets-Foretagare-logotyp-Gnesta-2022-1024x962.png 1024w, https:\/\/klovsta-energi.se\/wp-content\/uploads\/2023\/08\/Arets-Foretagare-logotyp-Gnesta-2022-300x282.png 300w, https:\/\/klovsta-energi.se\/wp-content\/uploads\/2023\/08\/Arets-Foretagare-logotyp-Gnesta-2022-768x722.png 768w, https:\/\/klovsta-energi.se\/wp-content\/uploads\/2023\/08\/Arets-Foretagare-logotyp-Gnesta-2022-1536x1443.png 1536w, https:\/\/klovsta-energi.se\/wp-content\/uploads\/2023\/08\/Arets-Foretagare-logotyp-Gnesta-2022-2048x1924.png 2048w\" sizes=\"auto, (max-width: 1024px) 100vw, 1024px\" \/><figcaption class=\"wp-element-caption\">Johan Lexell p\u00e5 Kl\u00f6vsta Energi AB blev \u00e5rets f\u00f6retagare i Gnesta  2022.<\/figcaption><\/figure>\n<\/div>\n<\/div>\n\n\n\n<p class=\"has-text-align-center\"><a href=\"https:\/\/www.co2neutralwebsite.com\/certificate\/5936\/sv\" target=\"_blank\" rel=\"noopener\"><br>   <img loading=\"lazy\" decoding=\"async\" width=\"150\" height=\"70\" src=\"\/\/www.co2neutralwebsite.com\/icons\/badge\/regular_sv.svg\" alt=\"\"><\/a><\/p>\n","protected":false},"excerpt":{"rendered":"<p>V\u00e4lkommen till Kl\u00f6vsta Energi AB Solceller, energilagring och billaddare Kl\u00f6vsta Energi AB erbjuder kompletta solenergipaket anpassade till f\u00f6ruts\u00e4ttningarna f\u00f6r just din fastighet och vi pressar alltid priserna f\u00f6r att du ska f\u00e5 en s\u00e5 l\u00f6nsam anl\u00e4ggning som m\u00f6jligt. Kontakta Johan f\u00f6r r\u00e5dgivning och offert. Vi vill g\u00f6ra det enkelt f\u00f6r m\u00e4nniskor att bidra till ett [&hellip;]<\/p>\n","protected":false},"author":1,"featured_media":0,"parent":0,"menu_order":0,"comment_status":"closed","ping_status":"closed","template":"","meta":{"zakra_page_container_layout":"centered","zakra_page_sidebar_layout":"no_sidebar","zakra_remove_content_margin":false,"zakra_sidebar":"customizer","zakra_transparent_header":"customizer","zakra_logo":0,"zakra_main_header_style":"default","zakra_menu_item_color":"","zakra_menu_item_hover_color":"","zakra_menu_item_active_color":"","zakra_menu_active_style":"","zakra_page_header":true,"footnotes":""},"class_list":["post-127","page","type-page","status-publish","hentry"],"_links":{"self":[{"href":"https:\/\/klovsta-energi.se\/index.php?rest_route=\/wp\/v2\/pages\/127","targetHints":{"allow":["GET"]}}],"collection":[{"href":"https:\/\/klovsta-energi.se\/index.php?rest_route=\/wp\/v2\/pages"}],"about":[{"href":"https:\/\/klovsta-energi.se\/index.php?rest_route=\/wp\/v2\/types\/page"}],"author":[{"embeddable":true,"href":"https:\/\/klovsta-energi.se\/index.php?rest_route=\/wp\/v2\/users\/1"}],"replies":[{"embeddable":true,"href":"https:\/\/klovsta-energi.se\/index.php?rest_route=%2Fwp%2Fv2%2Fcomments&post=127"}],"version-history":[{"count":224,"href":"https:\/\/klovsta-energi.se\/index.php?rest_route=\/wp\/v2\/pages\/127\/revisions"}],"predecessor-version":[{"id":971,"href":"https:\/\/klovsta-energi.se\/index.php?rest_route=\/wp\/v2\/pages\/127\/revisions\/971"}],"wp:attachment":[{"href":"https:\/\/klovsta-energi.se\/index.php?rest_route=%2Fwp%2Fv2%2Fmedia&parent=127"}],"curies":[{"name":"wp","href":"https:\/\/api.w.org\/{rel}","templated":true}]}}